{"id":10,"date":"2024-04-10T16:23:28","date_gmt":"2024-04-10T14:23:28","guid":{"rendered":"http:\/\/jeromelorge.archi\/?page_id=10"},"modified":"2024-07-26T16:03:52","modified_gmt":"2024-07-26T14:03:52","slug":"architectes-logement-bordeaux","status":"publish","type":"page","link":"https:\/\/jeromelorge.archi\/","title":{"rendered":"Accueil"},"content":{"rendered":"\t\t<div data-elementor-type=\"wp-page\" data-elementor-id=\"10\" class=\"elementor elementor-10\">\n\t\t\t\t<div class=\"elementor-element elementor-element-3548188 e-flex e-con-boxed e-con e-parent\" data-id=\"3548188\" data-element_type=\"container\" data-e-type=\"container\" data-settings=\"{&quot;background_background&quot;:&quot;slideshow&quot;,&quot;background_slideshow_gallery&quot;:[{&quot;id&quot;:780,&quot;url&quot;:&quot;https:\\\/\\\/jeromelorge.archi\\\/wp-content\\\/uploads\\\/2024\\\/04\\\/08-VUE-DE-NUIT.png&quot;},{&quot;id&quot;:483,&quot;url&quot;:&quot;https:\\\/\\\/jeromelorge.archi\\\/wp-content\\\/uploads\\\/2024\\\/04\\\/Rodez_VueCoeurIlot_02-scaled.jpg&quot;},{&quot;id&quot;:359,&quot;url&quot;:&quot;https:\\\/\\\/jeromelorge.archi\\\/wp-content\\\/uploads\\\/2024\\\/04\\\/Image2.jpg&quot;}],&quot;background_slideshow_loop&quot;:&quot;yes&quot;,&quot;background_slideshow_slide_duration&quot;:5000,&quot;background_slideshow_slide_transition&quot;:&quot;fade&quot;,&quot;background_slideshow_transition_duration&quot;:500}\">\n\t\t\t\t\t<div class=\"e-con-inner\">\n\t\t\t\t<div class=\"elementor-element elementor-element-3f3ee7e elementor-widget elementor-widget-image\" data-id=\"3f3ee7e\" data-element_type=\"widget\" data-e-type=\"widget\" data-widget_type=\"image.default\">\n\t\t\t\t<div class=\"elementor-widget-container\">\n\t\t\t\t\t\t\t\t\t\t\t\t\t\t\t<img fetchpriority=\"high\" decoding=\"async\" width=\"1182\" height=\"1182\" src=\"https:\/\/jeromelorge.archi\/wp-content\/uploads\/2024\/04\/JL_blanc.webp\" class=\"attachment-full size-full wp-image-923\" alt=\"\" srcset=\"https:\/\/jeromelorge.archi\/wp-content\/uploads\/2024\/04\/JL_blanc.webp 1182w, https:\/\/jeromelorge.archi\/wp-content\/uploads\/2024\/04\/JL_blanc-300x300.webp 300w, https:\/\/jeromelorge.archi\/wp-content\/uploads\/2024\/04\/JL_blanc-1024x1024.webp 1024w, https:\/\/jeromelorge.archi\/wp-content\/uploads\/2024\/04\/JL_blanc-150x150.webp 150w, https:\/\/jeromelorge.archi\/wp-content\/uploads\/2024\/04\/JL_blanc-768x768.webp 768w\" sizes=\"(max-width: 1182px) 100vw, 1182px\" \/>\t\t\t\t\t\t\t\t\t\t\t\t\t\t\t<\/div>\n\t\t\t\t<\/div>\n\t\t\t\t\t<\/div>\n\t\t\t\t<\/div>\n\t\t<div class=\"elementor-element elementor-element-4e8569f e-flex e-con-boxed e-con e-parent\" data-id=\"4e8569f\" data-element_type=\"container\" data-e-type=\"container\">\n\t\t\t\t\t<div class=\"e-con-inner\">\n\t\t\t\t<div class=\"elementor-element elementor-element-b9d4cf3 elementor-widget-divider--view-line elementor-widget elementor-widget-divider\" data-id=\"b9d4cf3\" data-element_type=\"widget\" data-e-type=\"widget\" data-widget_type=\"divider.default\">\n\t\t\t\t<div class=\"elementor-widget-container\">\n\t\t\t\t\t\t\t<div class=\"elementor-divider\">\n\t\t\t<span class=\"elementor-divider-separator\">\n\t\t\t\t\t\t<\/span>\n\t\t<\/div>\n\t\t\t\t\t\t<\/div>\n\t\t\t\t<\/div>\n\t\t\t\t\t<\/div>\n\t\t\t\t<\/div>\n\t\t<div class=\"elementor-element elementor-element-f3f37b8 e-flex e-con-boxed e-con e-parent\" data-id=\"f3f37b8\" data-element_type=\"container\" data-e-type=\"container\">\n\t\t\t\t\t<div class=\"e-con-inner\">\n\t\t\t\t<div class=\"elementor-element elementor-element-c1c0e10 elementor-widget elementor-widget-heading\" data-id=\"c1c0e10\" data-element_type=\"widget\" data-e-type=\"widget\" data-widget_type=\"heading.default\">\n\t\t\t\t<div class=\"elementor-widget-container\">\n\t\t\t\t\t<h1 class=\"elementor-heading-title elementor-size-default\">JL ARCHITECTES BORDEAUX<\/h1>\t\t\t\t<\/div>\n\t\t\t\t<\/div>\n\t\t\t\t\t<\/div>\n\t\t\t\t<\/div>\n\t\t<div class=\"elementor-element elementor-element-71a2689 e-flex e-con-boxed e-con e-parent\" data-id=\"71a2689\" data-element_type=\"container\" data-e-type=\"container\">\n\t\t\t\t\t<div class=\"e-con-inner\">\n\t\t\t\t<div class=\"elementor-element elementor-element-9321ec5 elementor-widget elementor-widget-text-editor\" data-id=\"9321ec5\" data-element_type=\"widget\" data-e-type=\"widget\" data-widget_type=\"text-editor.default\">\n\t\t\t\t<div class=\"elementor-widget-container\">\n\t\t\t\t\t\t\t\t\t<p><strong>JL Architectes Bordeaux est une agence sp\u00e9cialis\u00e9e dans la construction de logements.<\/strong> Les op\u00e9rations sont nombreuses et diverses, logement social et libre, individuel, interm\u00e9diaire ou collectif, parfois mixte neuf et r\u00e9habilitation. L\u2019ampleur des programmes est vari\u00e9e de 6 \u00e0 120 logements, g\u00e9ographiquement dans le grand Sud-Ouest de Toulouse \u00e0 la Vend\u00e9e en passant par l\u2019Aveyron, la Dordogne et les Landes, en majorit\u00e9 dans la communaut\u00e9 urbaine de Bordeaux et le Bassin d\u2019Arcachon. Nous sommes 4 architectes travaillant main dans la main dans le but de r\u00e9aliser vos projets.<\/p>\t\t\t\t\t\t\t\t<\/div>\n\t\t\t\t<\/div>\n\t\t\t\t\t<\/div>\n\t\t\t\t<\/div>\n\t\t<div class=\"elementor-element elementor-element-039ca23 e-flex e-con-boxed e-con e-parent\" data-id=\"039ca23\" data-element_type=\"container\" data-e-type=\"container\">\n\t\t\t\t\t<div class=\"e-con-inner\">\n\t\t\t\t<div class=\"elementor-element elementor-element-57cdccd elementor-widget-divider--view-line elementor-widget elementor-widget-divider\" data-id=\"57cdccd\" data-element_type=\"widget\" data-e-type=\"widget\" data-widget_type=\"divider.default\">\n\t\t\t\t<div class=\"elementor-widget-container\">\n\t\t\t\t\t\t\t<div class=\"elementor-divider\">\n\t\t\t<span class=\"elementor-divider-separator\">\n\t\t\t\t\t\t<\/span>\n\t\t<\/div>\n\t\t\t\t\t\t<\/div>\n\t\t\t\t<\/div>\n\t\t\t\t\t<\/div>\n\t\t\t\t<\/div>\n\t\t<div class=\"elementor-element elementor-element-1b21610 e-flex e-con-boxed e-con e-parent\" data-id=\"1b21610\" data-element_type=\"container\" data-e-type=\"container\">\n\t\t\t\t\t<div class=\"e-con-inner\">\n\t\t\t\t<div class=\"elementor-element elementor-element-2e64312 elementor-widget elementor-widget-heading\" data-id=\"2e64312\" data-element_type=\"widget\" data-e-type=\"widget\" data-widget_type=\"heading.default\">\n\t\t\t\t<div class=\"elementor-widget-container\">\n\t\t\t\t\t<h1 class=\"elementor-heading-title elementor-size-default\">NOS PROJETS<\/h1>\t\t\t\t<\/div>\n\t\t\t\t<\/div>\n\t\t\t\t\t<\/div>\n\t\t\t\t<\/div>\n\t\t<div class=\"elementor-element elementor-element-7e3166a e-flex e-con-boxed e-con e-parent\" data-id=\"7e3166a\" data-element_type=\"container\" data-e-type=\"container\">\n\t\t\t\t\t<div class=\"e-con-inner\">\n\t\t<div class=\"elementor-element elementor-element-eb3b8cf e-con-full e-flex e-con e-child\" data-id=\"eb3b8cf\" data-element_type=\"container\" data-e-type=\"container\">\n\t\t\t\t<div class=\"elementor-element elementor-element-6977b33 elementor-widget elementor-widget-image\" data-id=\"6977b33\" data-element_type=\"widget\" data-e-type=\"widget\" data-widget_type=\"image.default\">\n\t\t\t\t<div class=\"elementor-widget-container\">\n\t\t\t\t\t\t\t\t\t\t\t\t<figure class=\"wp-caption\">\n\t\t\t\t\t\t\t\t\t\t\t<a href=\"https:\/\/jeromelorge.archi\/index.php\/residence-etudiante\/\">\n\t\t\t\t\t\t\t<img decoding=\"async\" src=\"https:\/\/jeromelorge.archi\/wp-content\/uploads\/elementor\/thumbs\/Image2-1-scaled-qqt8o808hmf2csed7vxd72ditxwhqw1kt2own89p34.webp\" title=\"R\u00c9SIDENCE \u00c9TUDIANTE\" alt=\"R\u00c9SIDENCE \u00c9TUDIANTE\" loading=\"lazy\" \/>\t\t\t\t\t\t\t\t<\/a>\n\t\t\t\t\t\t\t\t\t\t\t<figcaption class=\"widget-image-caption wp-caption-text\"> R\u00c9SIDENCE \u00c9TUDIANTE - CAUD\u00c9RAN<\/figcaption>\n\t\t\t\t\t\t\t\t\t\t<\/figure>\n\t\t\t\t\t\t\t\t\t<\/div>\n\t\t\t\t<\/div>\n\t\t\t\t<\/div>\n\t\t<div class=\"elementor-element elementor-element-940aad4 e-con-full e-flex e-con e-child\" data-id=\"940aad4\" data-element_type=\"container\" data-e-type=\"container\">\n\t\t\t\t<div class=\"elementor-element elementor-element-47e449b elementor-widget elementor-widget-image\" data-id=\"47e449b\" data-element_type=\"widget\" data-e-type=\"widget\" data-widget_type=\"image.default\">\n\t\t\t\t<div class=\"elementor-widget-container\">\n\t\t\t\t\t\t\t\t\t\t\t\t<figure class=\"wp-caption\">\n\t\t\t\t\t\t\t\t\t\t\t<a href=\"https:\/\/jeromelorge.archi\/index.php\/residence-horizon\/\">\n\t\t\t\t\t\t\t<img decoding=\"async\" src=\"https:\/\/jeromelorge.archi\/wp-content\/uploads\/elementor\/thumbs\/Audenge_VueJardin_web-qqtgthngsrvooyesqniz526v1sf7b8ap4m6mz5frr4.webp\" title=\"R\u00c9SIDENCE HORIZON\" alt=\"R\u00c9SIDENCE HORIZON\" loading=\"lazy\" \/>\t\t\t\t\t\t\t\t<\/a>\n\t\t\t\t\t\t\t\t\t\t\t<figcaption class=\"widget-image-caption wp-caption-text\">R\u00c9SIDENCE HORIZON - AUDENGE<\/figcaption>\n\t\t\t\t\t\t\t\t\t\t<\/figure>\n\t\t\t\t\t\t\t\t\t<\/div>\n\t\t\t\t<\/div>\n\t\t\t\t<\/div>\n\t\t\t\t\t<\/div>\n\t\t\t\t<\/div>\n\t\t<div class=\"elementor-element elementor-element-7b65e1d e-flex e-con-boxed e-con e-parent\" data-id=\"7b65e1d\" data-element_type=\"container\" data-e-type=\"container\">\n\t\t\t\t\t<div class=\"e-con-inner\">\n\t\t\t\t<div class=\"elementor-element elementor-element-4a50bfc elementor-align-right elementor-mobile-align-center elementor-widget elementor-widget-button\" data-id=\"4a50bfc\" data-element_type=\"widget\" data-e-type=\"widget\" data-widget_type=\"button.default\">\n\t\t\t\t<div class=\"elementor-widget-container\">\n\t\t\t\t\t\t\t\t\t<div class=\"elementor-button-wrapper\">\n\t\t\t\t\t<a class=\"elementor-button elementor-button-link elementor-size-sm\" href=\"https:\/\/jeromelorge.archi\/index.php\/les-projets\/\">\n\t\t\t\t\t\t<span class=\"elementor-button-content-wrapper\">\n\t\t\t\t\t\t\t\t\t<span class=\"elementor-button-text\">En voir d'avantage<\/span>\n\t\t\t\t\t<\/span>\n\t\t\t\t\t<\/a>\n\t\t\t\t<\/div>\n\t\t\t\t\t\t\t\t<\/div>\n\t\t\t\t<\/div>\n\t\t\t\t\t<\/div>\n\t\t\t\t<\/div>\n\t\t\t\t<\/div>\n\t\t","protected":false},"excerpt":{"rendered":"<p>JL ARCHITECTES BORDEAUX JL Architectes Bordeaux est une agence sp\u00e9cialis\u00e9e dans la construction de logements. Les op\u00e9rations sont nombreuses et diverses, logement social et libre, individuel, interm\u00e9diaire ou collectif, parfois mixte neuf et r\u00e9habilitation. L\u2019ampleur des programmes est vari\u00e9e de 6 \u00e0 120 logements, g\u00e9ographiquement dans le grand Sud-Ouest de Toulouse \u00e0 la Vend\u00e9e en [&hellip;]<\/p>\n","protected":false},"author":1,"featured_media":0,"parent":0,"menu_order":0,"comment_status":"closed","ping_status":"closed","template":"elementor_canvas","meta":{"_monsterinsights_skip_tracking":false,"_monsterinsights_sitenote_active":false,"_monsterinsights_sitenote_note":"","_monsterinsights_sitenote_category":0,"_uf_show_specific_survey":0,"_uf_disable_surveys":false,"footnotes":""},"class_list":["post-10","page","type-page","status-publish","hentry"],"aioseo_notices":[],"_links":{"self":[{"href":"https:\/\/jeromelorge.archi\/index.php\/wp-json\/wp\/v2\/pages\/10","targetHints":{"allow":["GET"]}}],"collection":[{"href":"https:\/\/jeromelorge.archi\/index.php\/wp-json\/wp\/v2\/pages"}],"about":[{"href":"https:\/\/jeromelorge.archi\/index.php\/wp-json\/wp\/v2\/types\/page"}],"author":[{"embeddable":true,"href":"https:\/\/jeromelorge.archi\/index.php\/wp-json\/wp\/v2\/users\/1"}],"replies":[{"embeddable":true,"href":"https:\/\/jeromelorge.archi\/index.php\/wp-json\/wp\/v2\/comments?post=10"}],"version-history":[{"count":140,"href":"https:\/\/jeromelorge.archi\/index.php\/wp-json\/wp\/v2\/pages\/10\/revisions"}],"predecessor-version":[{"id":1527,"href":"https:\/\/jeromelorge.archi\/index.php\/wp-json\/wp\/v2\/pages\/10\/revisions\/1527"}],"wp:attachment":[{"href":"https:\/\/jeromelorge.archi\/index.php\/wp-json\/wp\/v2\/media?parent=10"}],"curies":[{"name":"wp","href":"https:\/\/api.w.org\/{rel}","templated":true}]}}